2 + m + 97. Determine o(45).
142
Let z(r) = 19*r - 275. What is z(18)?
67
Let a(c) = -c**2 + 26*c + 735. Determine a(43).
4
Let t(s) = s**3 - 10*s**2 - 6*s + 36. Calculate t(11).
91
Let v(q) = 20*q + 981. Give v(-50).
-19
Let r(i) = 767*i - 13032. What is r(17)?
7
Let v(a) = -16*a + 341. What is v(20)?
21
Let m(q) = q**2 + 1362*q + 76870. Determine m(-59).
-7
Let l(m) = 2*m**2 + 44*m + 11. Determine l(-23).
57
Let s(u) = -2*u**2 - 271*u + 1111. Determine s(4).
-5
Let f(k) = -4*k**2 - 33*k - 19. What is f(-10)?
-89
Let b(p) = 75*p**2 + 55*p + 135. What is b(-3)?
645
Let y(d) = -25*d + 65. Give y(3).
-10
Let n(u) = -19*u**2 - 762*u + 1511. Give n(-42).
-1
Let q(f) = f**2 + 42*f - 400. Determine q(-50).
0
Let q(b) = -b**3 - 3*b**2 + 23*b + 88. Determine q(-4).
12
Let g(q) = -2*q**3 + 158*q**2 + 156*q + 338. Calculate g(80).
18
Let c(s) = -s**2 + 1204*s + 2410. What is c(-2)?
-2
Let y(w) = 9*w + 218. Calculate y(-22).
20
Let q(m) = 109*m + 13842. What is q(-127)?
-1
Let v(q) = -q**3 + 36*q**2 + 73*q + 56. Give v(38).
-58
Let l(d) = -4*d**2 + 226*d - 337. Determine l(55).
-7
Let v(r) = -206*r + 3301. Determine v(16).
5
Let n(b) = 703*b + 3553. What is n(-5)?
38
Let v(l) = l + 61. Determine v(-27).
34
Let s(t) = 13*t**3 + 29*t**2 + 55*t + 1. What is s(-2)?
-97
Let x(h) = h**3 - 45*h**2 - 236*h - 629. Calculate x(50).
71
Let j(g) = 37*g - 1336. Give j(20).
-596
Let t(j) = 2*j**3 + 3*j**2 - 21*j - 72. Determine t(-4).
-68
Let c(d) = -2*d**2 + 90*d - 1016. Give c(25).
-16
Let r(s) = -5*s**3 - 36*s**2 - 16*s - 43. Give r(-7).
20
Let h(f) = -68*f - 23. Give h(2).
-159
Let n(t) = 26*t - 830. Determine n(32).
2
Let d(s) = 28*s + 449. What is d(-15)?
29
Let l(n) = n**3 - 15*n**2 + 53*n + 2. What is l(6)?
-4
Let a(b) = -2*b**2 + 74*b - 448. What is a(30)?
-28
Let l(n) = 43*n**3 - 3*n**2 - 5*n + 8. Determine l(2).
330
Let k(g) = -g**3 + 12*g**2 - 34*g - 8. Give k(7).
-1
Let t(v) = 113*v**2 + 4859*v + 27. Determine t(-43).
27
Let m(o) = 53*o + 172. Determine m(-2).
66
Let u(r) = 832*r - 20804. What is u(25)?
-4
Let h(a) = 5*a**2 - 141*a + 146. Calculate h(27).
-16
Let x(o) = 155*o + 1784. What is x(-11)?
79
Let q(m) = -m**3 + 8*m**2 + 13*m + 2. Calculate q(10).
-68
Let y(f) = -f**2 + 34*f - 138. Calculate y(5).
7
Let b(a) = 2*a**2 + 633*a + 8474. Calculate b(-14).
4
Let p(s) = -1333*s + 45. Calculate p(1).
-1288
Let d(p) = -4*p**3 - 12*p**2 + 8*p + 27. Calculate d(-4).
59
Let q(w) = w**2 - 804*w + 7940. Give q(10).
0
Let a(x) = x**3 + 41*x**2 + 148*x - 396. Give a(-37).
-396
Let l(d) = 34*d + 3212. Determine l(-82).
424
Let n(y) = -2*y**2 - 19*y + 764. Give n(-25).
-11
Let f(b) = 42*b - 300. Determine f(6).
-48
Let d(p) = -26*p**2 - 13*p + 50. Calculate d(3).
-223
Let x(z) = -z**3 - 189*z**2 + 574*z - 316. What is x(-192)?
68
Let q(h) = 12*h**2 + 19. Calculate q(0).
19
Let u(a) = 38*a + 287. What is u(-10)?
-93
Let h(b) = 9*b**2 + 1312*b - 9619. Give h(7).
6
Let n(k) = 46*k - 260. Give n(8).
108
Let g(v) = v**2 - 57*v - 116. What is g(-2)?
2
Let y(x) = 15*x - 170. Give y(13).
25
Let h(z) = 2*z**3 - 4*z**2 - 19*z + 136. What is h(7)?
493
Let x(i) = -4*i**2 - 249*i - 868. Give x(-59).
-101
Let s(r) = -1494*r - 25390. Calculate s(-17).
8
Let d(l) = -3*l**3 - 54*l**2 - 51*l - 4. Calculate d(-17).
-4
Let m(z) = 4*z**3 - 4*z**2 - 23. Calculate m(4).
169
Let l(a) = -a**2 - 12*a. Calculate l(-20).
-160
Let l(o) = -o**3 - 13*o**2 - 11*o + 7. What is l(-9)?
-218
Let k(o) = -o**3 + 8*o**2 + 2*o - 21. Calculate k(7).
42
Let r(h) = 211*h + 3585. Give r(-17).
-2
Let d(k) = -2*k**3 - k**2 + 45*k - 74. What is d(0)?
-74
Let u(k) = -128*k + 9985. Give u(78).
1
Let m(x) = -737*x + 19896. Determine m(27).
-3
Let i(p) = p**3 - 261*p**2 + 2515*p - 1253. Calculate i(251).
2
Let w(c) = c**3 - 9*c**2 - 16*c + 4. Give w(8).
-188
Let z(u) = 73*u + 654. What is z(-9)?
-3
Let i(o) = 44*o - 2302. Calculate i(53).
30
Let k(t) = -t**3 - 5*t**2 + 114*t + 11. What is k(-14)?
179
Let z(k) = -k**2 + 133*k - 872. Determine z(126).
10
Let b(i) = -i**3 - 6*i**2 + 10*i + 23. What is b(-8)?
71
Let k(f) = -f**3 + 26*f**2 - 133*f + 56. What is k(5)?
-84
Let x(t) = -t**3 + 16*t**2 - 49*t - 8. Give x(11).
58
Let d(x) = -25*x + 115. Calculate d(5).
-10
Let w(y) = -33*y - 215. Give w(-8).
49
Let h(o) = -150*o - 19196. Calculate h(-128).
4
Let v(d) = -9965*d + 99655. Determine v(10).
5
Let v(p) = p**2 + 39*p + 347. Calculate v(-26).
9
Let v(j) = 5*j**2 + 123*j + 488. Calculate v(-5).
-2
Let p(i) = -2*i**3 - 6*i**2 + 9*i - 12. Determine p(2).
-34
Let l(z) = 4*z**3 + 2*z**2 - 6*z + 8. Give l(2).
36
Let t(k) = 21*k**2 - 16*k + 24. Calculate t(3).
165
Let w(g) = 189*g - 233. Determine w(1).
-44
Let b(p) = 3*p**3 - 343*p**2 + 119*p - 589. What is b(114)?
-19
Let b(z) = -709*z + 11272. Calculate b(16).
-72
Let j(s) = 2*s**3 - 220*s**2 + 6*s - 596. Calculate j(110).
64
Let i(l) = 10*l**2 + 8*l + 5. Calculate i(-2).
29
Let k(n) = n**2 - 5*n - 160. Calculate k(21).
176
Let p(v) = -3*v**2 - 174*v - 644. Give p(-54).
4
Let v(j) = -j**2 - 49*j + 161. Give v(3).
5
Let g(m) = -m**3 + 2*m**2 + 59*m + 16. Give g(9).
-20
Let r(p) = 3*p**3 - 160*p**2 - 137*p + 1571. Determine r(54).
5
Let i(r) = -2*r**2 + 379*r + 3181. Give i(-8).
21
Let z(q) = 128*q - 632. Determine z(5).
8
Let q(i) = i**3 + 6*i**2 + 255*i + 1493. Calculate q(-6).
-37
Let p(b) = 5*b**2 - 1891*b - 11518. What is p(-6)?
8
Let d(j) = -6*j**3 + 37*j**2 + 2*j + 17. Give d(6).
65
Let j(n) = 3*n**2 + 36*n - 5. What is j(-12)?
-5
Let z(t) = -2*t**2 + 67*t + 384. Determine z(-5).
-1
Let b(q) = 26*q + 1024. Give b(-40).
-16
Let x(k) = -5*k**2 - 36*k + 331. Give x(5).
26
Let v(m) = 2052*m - 59502. What is v(29)?
6
Let r(m) = m**3 - 9*m**2 - 19*m + 92. Give r(10).
2
Let p(w) = 8*w**2 + 129*w + 38. What is p(-16)?
22
Let i(o) = -124*o + 1862. What is i(15)?
2
Let w(v) = v**2 - 46*v + 209. Calculate w(5).
4
Let a(t) = -t**3 + 45*t**2 - 81*t - 216. Give a(43).
-1
Let p(c) = -c**2 - 10*c - 33. Give p(-17).
-152
Let k(p) = -9*p**3 + 29*p**2 + 64*p - 2. Give k(-2).
58
Let x(k) = -k**3 - 40*k**2 - 116*k - 360. Calculate x(-37).
-175
Let j(c) = -126*c**2 - 4282*c + 49. Determine j(-34).
-19
Let l(t) = t**3 - 6*t**2 - 39*t + 14. Give l(9).
-94
Let f(y) = y**2 + 34*y + 160. Determine f(-7).
-29
Let l(r) = 162*r - 6467. Determine l(40).
13
Let r(i) = -3*i**3 + 91*i**2 - 193*i - 76. What is r(28)?
8
Let l(p) = -5*p**2 - 59*p + 133. Calculate l(-13).
55
Let m(o) = -o**2 + 165*o + 1935. Calculate m(-11).
-1
Let l(c) = 405*c**2 - 1. Determine l(1).
404
Let f(m) = 10*m**2 + 306*m + 33. Calculate f(-30).
-147
Let c(l) = -14288*l - 185748. Calculate c(-13).
-4
Let c(w) = 139*w + 174. What is c(-3)?
-243
Let s(z) = 7*z**2 + 83*z - 844. Determine s(7).
80
Let j(m) = -m**3 + 43*m**2 - 70*m + 1182. Give j(42).
6
Let c(g) = 27*g**2 - 58*g - 1. Determine c(2).
-9
Let k(g) = 387*g + 3111. What is k(-8)?
15
Let j(q) = -q + 112. Give j(22).
90
Let b(o) = 23*o**2 - 2460*o - 2597. What is b(108)?
-5
Let s(r) = -r**3 - 83*r**2 + 97*r + 1097. Determine s(-84).
5
Let m(l) = -l**3 + 35*l**2 - 98. Give m(35).
-98
Let v(z) = z**3 - 76*z**2 - 69*z + 5246. Give v(76).
2
Let q(i) = -2*i**3 - 47*i**2 - 5*i + 427. Calculate q(-23).
13
Let q(b) = 126*b - 4152. Determine q(33).
6
Let i(s) = -13*s**2 + 141*s - 104. What is i(11)?
-126
Let a(r) = -2*r**3 - 5*r**2 + 43*r - 21. Determine a(-11).
1563
Let s(r) = r**3 - 33*r**2 - 107*r - 34. What is s(36)?
2
Let r(p) = 171*p + 2364. Calculate r(-14).
-30
Let u(q) = -50*q - 3806. Give u(-76).
-6
Let k(y) = -y**2 + 47*y - 284. Give k(7).
-4
Let n(b) = -27*b + 308. Calculate n(12).
-16
Let s(v) = -2*v**2 - 12*v + 90. What is s(-11)?
-20
Let n(p) = p**3 + 29*p**2 + 27*p - 39. Give n(-28).
-11
Let q(t) = t**3 + 28*t**2 - 26*t - 128. Calculate q(-29).
-215
Let l(o) = -4*o**3 + 147*o**2 + 36*o + 34. Calculate l(37).
-3
Let b(q) = 897*q - 4388. Give b(5).
97
Let b(k) = 178*k + 3751. Calculate b(-21).
13
Let d(u) = 3*u**2 + 23*u - 143. Calculate d(5).
47
Let c(o) = -o**3 + 25*o**2 - 73*o - 259. Calculate c(21).
-28
Let t(y) = 143*y + 1055. Calculate t(-7).
54
Let f(a) = -a**3 - 17*a**2 - 28*a - 117. What is f(-16)?
75
Let c(a) = -6*a - 56. What is c(16)?
-152
Let j(d) = d - 47. Determine j(5).
-42
Let w(b) = b**3 - 20*b**2 + 8*b + 56. What is w(19)?
-153
Let w(q) = q**